{"id":857,"date":"2024-10-11T19:33:49","date_gmt":"2024-10-11T18:33:49","guid":{"rendered":"https:\/\/www.baumpflege-berndfischer.de\/home\/?page_id=857"},"modified":"2025-02-08T12:05:31","modified_gmt":"2025-02-08T11:05:31","slug":"faellung","status":"publish","type":"page","link":"https:\/\/www.baumpflege-berndfischer.de\/home\/leistungen\/faellung\/","title":{"rendered":"F\u00e4llung"},"content":{"rendered":"\t\t<div data-elementor-type=\"wp-page\" data-elementor-id=\"857\" class=\"elementor elementor-857\">\n\t\t\t\t<div class=\"elementor-element elementor-element-cc20cbf e-flex e-con-boxed e-con e-parent\" data-id=\"cc20cbf\" data-element_type=\"container\" data-e-type=\"container\">\n\t\t\t\t\t<div class=\"e-con-inner\">\n\t\t<div class=\"elementor-element elementor-element-914d372 e-con-full e-flex e-con e-child\" data-id=\"914d372\" data-element_type=\"container\" data-e-type=\"container\">\n\t\t\t\t<div class=\"elementor-element elementor-element-a2e98c7 elementor-widget elementor-widget-image\" data-id=\"a2e98c7\" data-element_type=\"widget\" data-e-type=\"widget\" data-widget_type=\"image.default\">\n\t\t\t\t<div class=\"elementor-widget-container\">\n\t\t\t\t\t\t\t\t\t\t\t\t\t\t\t<img fetchpriority=\"high\" decoding=\"async\" width=\"225\" height=\"300\" src=\"https:\/\/www.baumpflege-berndfischer.de\/wp-content\/uploads\/2025\/02\/Faellung-225x300.jpg\" class=\"attachment-medium size-medium wp-image-1053\" alt=\"\" srcset=\"https:\/\/www.baumpflege-berndfischer.de\/wp-content\/uploads\/2025\/02\/Faellung-225x300.jpg 225w, https:\/\/www.baumpflege-berndfischer.de\/wp-content\/uploads\/2025\/02\/Faellung-768x1023.jpg 768w, https:\/\/www.baumpflege-berndfischer.de\/wp-content\/uploads\/2025\/02\/Faellung-1153x1536.jpg 1153w, https:\/\/www.baumpflege-berndfischer.de\/wp-content\/uploads\/2025\/02\/Faellung.jpg 1200w\" sizes=\"(max-width: 225px) 100vw, 225px\" \/>\t\t\t\t\t\t\t\t\t\t\t\t\t\t\t<\/div>\n\t\t\t\t<\/div>\n\t\t\t\t<\/div>\n\t\t<div class=\"elementor-element elementor-element-3f98dcc e-con-full e-flex e-con e-child\" data-id=\"3f98dcc\" data-element_type=\"container\" data-e-type=\"container\">\n\t\t\t\t<div class=\"elementor-element elementor-element-f7cd714 elementor-widget elementor-widget-text-editor\" data-id=\"f7cd714\" data-element_type=\"widget\" data-e-type=\"widget\" data-widget_type=\"text-editor.default\">\n\t\t\t\t<div class=\"elementor-widget-container\">\n\t\t\t\t\t\t\t\t\t<h3><strong>Baumf\u00e4llung: Sicher und fachgerecht durchgef\u00fchrt<\/strong><\/h3><p>Manchmal ist die F\u00e4llung eines Baumes unvermeidlich \u2013 sei es aufgrund von Alter, Krankheit, Sturmsch\u00e4den oder Bauvorhaben. Eine Baumf\u00e4llung sollte immer professionell durchgef\u00fchrt werden, um Risiken f\u00fcr Menschen, Geb\u00e4ude und die Umgebung zu minimieren. Als erfahrener Baumpfleger \u00fcbernehme ich die fachgerechte und sichere F\u00e4llung von B\u00e4umen aller Gr\u00f6\u00dfen und in jeder Umgebung.<\/p><p><strong>Wann ist eine Baumf\u00e4llung notwendig?<\/strong> Obwohl die Erhaltung von B\u00e4umen immer Vorrang hat, gibt es Situationen, in denen eine F\u00e4llung die einzige L\u00f6sung ist. Zu den h\u00e4ufigsten Gr\u00fcnden z\u00e4hlen:<\/p><ul><li><strong>Krankheiten oder Sch\u00e4dlingsbefall<\/strong>, die den Baum so stark gesch\u00e4digt haben, dass keine Rettung mehr m\u00f6glich ist,<\/li><li><strong>Sturmsch\u00e4den<\/strong>, bei denen der Baum irreparabel besch\u00e4digt wurde und eine Gefahr darstellt,<\/li><li><strong>Gef\u00e4hrdung der Sicherheit<\/strong> durch instabile oder morsche B\u00e4ume, die Menschen, Fahrzeuge oder Geb\u00e4ude bedrohen,<\/li><li><strong>Bauvorhaben<\/strong>, bei denen der Baum im Weg steht oder den neuen Baupl\u00e4nen weichen muss.<\/li><\/ul>\t\t\t\t\t\t\t\t<\/div>\n\t\t\t\t<\/div>\n\t\t\t\t<\/div>\n\t\t\t\t\t<\/div>\n\t\t\t\t<\/div>\n\t\t<div class=\"elementor-element elementor-element-7e42d52 e-flex e-con-boxed e-con e-parent\" data-id=\"7e42d52\" data-element_type=\"container\" data-e-type=\"container\">\n\t\t\t\t\t<div class=\"e-con-inner\">\n\t\t\t\t\t<\/div>\n\t\t\t\t<\/div>\n\t\t\t\t<\/div>\n\t\t","protected":false},"excerpt":{"rendered":"<p>Baumf\u00e4llung: Sicher und fachgerecht durchgef\u00fchrt Manchmal ist die F\u00e4llung eines Baumes unvermeidlich \u2013 sei es aufgrund von Alter, Krankheit, Sturmsch\u00e4den oder Bauvorhaben. Eine Baumf\u00e4llung sollte immer professionell durchgef\u00fchrt werden, um Risiken f\u00fcr Menschen, Geb\u00e4ude und die Umgebung zu minimieren. Als erfahrener Baumpfleger \u00fcbernehme ich die fachgerechte und sichere F\u00e4llung von B\u00e4umen aller Gr\u00f6\u00dfen und in [&hellip;]<\/p>\n","protected":false},"author":2,"featured_media":0,"parent":14,"menu_order":0,"comment_status":"closed","ping_status":"closed","template":"","meta":{"ocean_post_layout":"full-screen","ocean_both_sidebars_style":"","ocean_both_sidebars_content_width":0,"ocean_both_sidebars_sidebars_width":0,"ocean_sidebar":"","ocean_second_sidebar":"","ocean_disable_margins":"enable","ocean_add_body_class":"","ocean_shortcode_before_top_bar":"","ocean_shortcode_after_top_bar":"","ocean_shortcode_before_header":"","ocean_shortcode_after_header":"","ocean_has_shortcode":"","ocean_shortcode_after_title":"","ocean_shortcode_before_footer_widgets":"","ocean_shortcode_after_footer_widgets":"","ocean_shortcode_before_footer_bottom":"","ocean_shortcode_after_footer_bottom":"","ocean_display_top_bar":"off","ocean_display_header":"default","ocean_header_style":"","ocean_center_header_left_menu":"","ocean_custom_header_template":"","ocean_custom_logo":0,"ocean_custom_retina_logo":0,"ocean_custom_logo_max_width":0,"ocean_custom_logo_tablet_max_width":0,"ocean_custom_logo_mobile_max_width":0,"ocean_custom_logo_max_height":0,"ocean_custom_logo_tablet_max_height":0,"ocean_custom_logo_mobile_max_height":0,"ocean_header_custom_menu":"","ocean_menu_typo_font_family":"","ocean_menu_typo_font_subset":"","ocean_menu_typo_font_size":0,"ocean_menu_typo_font_size_tablet":0,"ocean_menu_typo_font_size_mobile":0,"ocean_menu_typo_font_size_unit":"px","ocean_menu_typo_font_weight":"","ocean_menu_typo_font_weight_tablet":"","ocean_menu_typo_font_weight_mobile":"","ocean_menu_typo_transform":"","ocean_menu_typo_transform_tablet":"","ocean_menu_typo_transform_mobile":"","ocean_menu_typo_line_height":0,"ocean_menu_typo_line_height_tablet":0,"ocean_menu_typo_line_height_mobile":0,"ocean_menu_typo_line_height_unit":"","ocean_menu_typo_spacing":0,"ocean_menu_typo_spacing_tablet":0,"ocean_menu_typo_spacing_mobile":0,"ocean_menu_typo_spacing_unit":"","ocean_menu_link_color":"","ocean_menu_link_color_hover":"","ocean_menu_link_color_active":"","ocean_menu_link_background":"","ocean_menu_link_hover_background":"","ocean_menu_link_active_background":"","ocean_menu_social_links_bg":"","ocean_menu_social_hover_links_bg":"","ocean_menu_social_links_color":"","ocean_menu_social_hover_links_color":"","ocean_disable_title":"on","ocean_disable_heading":"default","ocean_post_title":"","ocean_post_subheading":"","ocean_post_title_style":"","ocean_post_title_background_color":"","ocean_post_title_background":0,"ocean_post_title_bg_image_position":"","ocean_post_title_bg_image_attachment":"","ocean_post_title_bg_image_repeat":"","ocean_post_title_bg_image_size":"","ocean_post_title_height":0,"ocean_post_title_bg_overlay":0.5,"ocean_post_title_bg_overlay_color":"","ocean_disable_breadcrumbs":"default","ocean_breadcrumbs_color":"","ocean_breadcrumbs_separator_color":"","ocean_breadcrumbs_links_color":"","ocean_breadcrumbs_links_hover_color":"","ocean_display_footer_widgets":"off","ocean_display_footer_bottom":"off","ocean_custom_footer_template":"","footnotes":""},"class_list":["post-857","page","type-page","status-publish","hentry","entry"],"_links":{"self":[{"href":"https:\/\/www.baumpflege-berndfischer.de\/home\/wp-json\/wp\/v2\/pages\/857"}],"collection":[{"href":"https:\/\/www.baumpflege-berndfischer.de\/home\/wp-json\/wp\/v2\/pages"}],"about":[{"href":"https:\/\/www.baumpflege-berndfischer.de\/home\/wp-json\/wp\/v2\/types\/page"}],"author":[{"embeddable":true,"href":"https:\/\/www.baumpflege-berndfischer.de\/home\/wp-json\/wp\/v2\/users\/2"}],"replies":[{"embeddable":true,"href":"https:\/\/www.baumpflege-berndfischer.de\/home\/wp-json\/wp\/v2\/comments?post=857"}],"version-history":[{"count":8,"href":"https:\/\/www.baumpflege-berndfischer.de\/home\/wp-json\/wp\/v2\/pages\/857\/revisions"}],"predecessor-version":[{"id":1056,"href":"https:\/\/www.baumpflege-berndfischer.de\/home\/wp-json\/wp\/v2\/pages\/857\/revisions\/1056"}],"up":[{"embeddable":true,"href":"https:\/\/www.baumpflege-berndfischer.de\/home\/wp-json\/wp\/v2\/pages\/14"}],"wp:attachment":[{"href":"https:\/\/www.baumpflege-berndfischer.de\/home\/wp-json\/wp\/v2\/media?parent=857"}],"curies":[{"name":"wp","href":"https:\/\/api.w.org\/{rel}","templated":true}]}}