{"id":859,"date":"2024-10-11T19:36:05","date_gmt":"2024-10-11T18:36:05","guid":{"rendered":"https:\/\/www.baumpflege-berndfischer.de\/home\/?page_id=859"},"modified":"2025-02-08T12:01:44","modified_gmt":"2025-02-08T11:01:44","slug":"obstbaumschnitt","status":"publish","type":"page","link":"https:\/\/www.baumpflege-berndfischer.de\/home\/leistungen\/obstbaumschnitt\/","title":{"rendered":"Obstbaumschnitt"},"content":{"rendered":"\t\t<div data-elementor-type=\"wp-page\" data-elementor-id=\"859\" class=\"elementor elementor-859\">\n\t\t\t\t<div class=\"elementor-element elementor-element-cfbe2a4 e-flex e-con-boxed e-con e-parent\" data-id=\"cfbe2a4\" data-element_type=\"container\" data-e-type=\"container\">\n\t\t\t\t\t<div class=\"e-con-inner\">\n\t\t<div class=\"elementor-element elementor-element-4a3381a e-con-full e-flex e-con e-child\" data-id=\"4a3381a\" data-element_type=\"container\" data-e-type=\"container\">\n\t\t\t\t<div class=\"elementor-element elementor-element-c4230a1 elementor-widget elementor-widget-image\" data-id=\"c4230a1\" data-element_type=\"widget\" data-e-type=\"widget\" data-widget_type=\"image.default\">\n\t\t\t\t<div class=\"elementor-widget-container\">\n\t\t\t\t\t\t\t\t\t\t\t\t\t\t\t<img fetchpriority=\"high\" decoding=\"async\" width=\"200\" height=\"300\" src=\"https:\/\/www.baumpflege-berndfischer.de\/wp-content\/uploads\/2025\/02\/Apfelbaum-gepflanzt-1850-200x300.jpg\" class=\"attachment-medium size-medium wp-image-1043\" alt=\"\" srcset=\"https:\/\/www.baumpflege-berndfischer.de\/wp-content\/uploads\/2025\/02\/Apfelbaum-gepflanzt-1850-200x300.jpg 200w, https:\/\/www.baumpflege-berndfischer.de\/wp-content\/uploads\/2025\/02\/Apfelbaum-gepflanzt-1850-684x1024.jpg 684w, https:\/\/www.baumpflege-berndfischer.de\/wp-content\/uploads\/2025\/02\/Apfelbaum-gepflanzt-1850-768x1150.jpg 768w, https:\/\/www.baumpflege-berndfischer.de\/wp-content\/uploads\/2025\/02\/Apfelbaum-gepflanzt-1850-1025x1536.jpg 1025w, https:\/\/www.baumpflege-berndfischer.de\/wp-content\/uploads\/2025\/02\/Apfelbaum-gepflanzt-1850-1367x2048.jpg 1367w, https:\/\/www.baumpflege-berndfischer.de\/wp-content\/uploads\/2025\/02\/Apfelbaum-gepflanzt-1850-scaled.jpg 1709w\" sizes=\"(max-width: 200px) 100vw, 200px\" \/>\t\t\t\t\t\t\t\t\t\t\t\t\t\t\t<\/div>\n\t\t\t\t<\/div>\n\t\t\t\t<\/div>\n\t\t<div class=\"elementor-element elementor-element-4c84f39 e-con-full e-flex e-con e-child\" data-id=\"4c84f39\" data-element_type=\"container\" data-e-type=\"container\">\n\t\t\t\t<div class=\"elementor-element elementor-element-215e68b elementor-widget elementor-widget-text-editor\" data-id=\"215e68b\" data-element_type=\"widget\" data-e-type=\"widget\" data-widget_type=\"text-editor.default\">\n\t\t\t\t<div class=\"elementor-widget-container\">\n\t\t\t\t\t\t\t\t\t<h3><strong>Obstbaumschnitt: F\u00fcr gesunde B\u00e4ume und eine reiche Ernte<\/strong><\/h3><p>Obstb\u00e4ume neigen ohne regelm\u00e4\u00dfigen Schnitt dazu, zu dicht zu wachsen, was zu einer geringeren Fruchtqualit\u00e4t und einem erh\u00f6hten Risiko f\u00fcr Krankheiten f\u00fchren kann. Durch den Obstbaumschnitt wird der Baum in Form gebracht, die Krone gelichtet und das Gleichgewicht zwischen Wachstum und Fruchtansatz gef\u00f6rdert. Dies f\u00fchrt zu:<\/p><ul><li><strong>Besseren Ertr\u00e4gen:<\/strong> Durch den gezielten Schnitt wird die Fruchtbildung angeregt und die Qualit\u00e4t der Fr\u00fcchte verbessert.<\/li><li><strong>Gesundheit des Baumes:<\/strong> Der Obstbaumschnitt f\u00f6rdert die Luftzirkulation und sorgt daf\u00fcr, dass der Baum ausreichend Sonnenlicht erh\u00e4lt, was das Risiko von Pilzbefall und Krankheiten verringert.<\/li><li><strong>Langlebigkeit:<\/strong> Regelm\u00e4\u00dfige Schnitte st\u00e4rken den Baum und helfen ihm, \u00fcber viele Jahre vital zu bleiben und reiche Ernten zu liefern.<\/li><\/ul><p>Ein gesunder Obstbaum erfordert regelm\u00e4\u00dfige Pflege, die sich direkt auf die Qualit\u00e4t der Fr\u00fcchte und die Gesundheit des Baumes auswirkt. Ich biete Ihnen einen professionellen Obstbaumschnitt, der auf die individuellen Bed\u00fcrfnisse Ihres Baumes abgestimmt ist.<\/p>\t\t\t\t\t\t\t\t<\/div>\n\t\t\t\t<\/div>\n\t\t\t\t<\/div>\n\t\t\t\t\t<\/div>\n\t\t\t\t<\/div>\n\t\t<div class=\"elementor-element elementor-element-01d2495 e-flex e-con-boxed e-con e-parent\" data-id=\"01d2495\" data-element_type=\"container\" data-e-type=\"container\">\n\t\t\t\t\t<div class=\"e-con-inner\">\n\t\t\t\t\t<\/div>\n\t\t\t\t<\/div>\n\t\t\t\t<\/div>\n\t\t","protected":false},"excerpt":{"rendered":"<p>Obstbaumschnitt: F\u00fcr gesunde B\u00e4ume und eine reiche Ernte Obstb\u00e4ume neigen ohne regelm\u00e4\u00dfigen Schnitt dazu, zu dicht zu wachsen, was zu einer geringeren Fruchtqualit\u00e4t und einem erh\u00f6hten Risiko f\u00fcr Krankheiten f\u00fchren kann. Durch den Obstbaumschnitt wird der Baum in Form gebracht, die Krone gelichtet und das Gleichgewicht zwischen Wachstum und Fruchtansatz gef\u00f6rdert. Dies f\u00fchrt zu: Besseren [&hellip;]<\/p>\n","protected":false},"author":2,"featured_media":0,"parent":14,"menu_order":0,"comment_status":"closed","ping_status":"closed","template":"","meta":{"ocean_post_layout":"full-screen","ocean_both_sidebars_style":"","ocean_both_sidebars_content_width":0,"ocean_both_sidebars_sidebars_width":0,"ocean_sidebar":"","ocean_second_sidebar":"","ocean_disable_margins":"enable","ocean_add_body_class":"","ocean_shortcode_before_top_bar":"","ocean_shortcode_after_top_bar":"","ocean_shortcode_before_header":"","ocean_shortcode_after_header":"","ocean_has_shortcode":"","ocean_shortcode_after_title":"","ocean_shortcode_before_footer_widgets":"","ocean_shortcode_after_footer_widgets":"","ocean_shortcode_before_footer_bottom":"","ocean_shortcode_after_footer_bottom":"","ocean_display_top_bar":"off","ocean_display_header":"default","ocean_header_style":"","ocean_center_header_left_menu":"","ocean_custom_header_template":"","ocean_custom_logo":0,"ocean_custom_retina_logo":0,"ocean_custom_logo_max_width":0,"ocean_custom_logo_tablet_max_width":0,"ocean_custom_logo_mobile_max_width":0,"ocean_custom_logo_max_height":0,"ocean_custom_logo_tablet_max_height":0,"ocean_custom_logo_mobile_max_height":0,"ocean_header_custom_menu":"","ocean_menu_typo_font_family":"","ocean_menu_typo_font_subset":"","ocean_menu_typo_font_size":0,"ocean_menu_typo_font_size_tablet":0,"ocean_menu_typo_font_size_mobile":0,"ocean_menu_typo_font_size_unit":"px","ocean_menu_typo_font_weight":"","ocean_menu_typo_font_weight_tablet":"","ocean_menu_typo_font_weight_mobile":"","ocean_menu_typo_transform":"","ocean_menu_typo_transform_tablet":"","ocean_menu_typo_transform_mobile":"","ocean_menu_typo_line_height":0,"ocean_menu_typo_line_height_tablet":0,"ocean_menu_typo_line_height_mobile":0,"ocean_menu_typo_line_height_unit":"","ocean_menu_typo_spacing":0,"ocean_menu_typo_spacing_tablet":0,"ocean_menu_typo_spacing_mobile":0,"ocean_menu_typo_spacing_unit":"","ocean_menu_link_color":"","ocean_menu_link_color_hover":"","ocean_menu_link_color_active":"","ocean_menu_link_background":"","ocean_menu_link_hover_background":"","ocean_menu_link_active_background":"","ocean_menu_social_links_bg":"","ocean_menu_social_hover_links_bg":"","ocean_menu_social_links_color":"","ocean_menu_social_hover_links_color":"","ocean_disable_title":"on","ocean_disable_heading":"default","ocean_post_title":"","ocean_post_subheading":"","ocean_post_title_style":"","ocean_post_title_background_color":"","ocean_post_title_background":0,"ocean_post_title_bg_image_position":"","ocean_post_title_bg_image_attachment":"","ocean_post_title_bg_image_repeat":"","ocean_post_title_bg_image_size":"","ocean_post_title_height":0,"ocean_post_title_bg_overlay":0.5,"ocean_post_title_bg_overlay_color":"","ocean_disable_breadcrumbs":"default","ocean_breadcrumbs_color":"","ocean_breadcrumbs_separator_color":"","ocean_breadcrumbs_links_color":"","ocean_breadcrumbs_links_hover_color":"","ocean_display_footer_widgets":"off","ocean_display_footer_bottom":"off","ocean_custom_footer_template":"","footnotes":""},"class_list":["post-859","page","type-page","status-publish","hentry","entry"],"_links":{"self":[{"href":"https:\/\/www.baumpflege-berndfischer.de\/home\/wp-json\/wp\/v2\/pages\/859"}],"collection":[{"href":"https:\/\/www.baumpflege-berndfischer.de\/home\/wp-json\/wp\/v2\/pages"}],"about":[{"href":"https:\/\/www.baumpflege-berndfischer.de\/home\/wp-json\/wp\/v2\/types\/page"}],"author":[{"embeddable":true,"href":"https:\/\/www.baumpflege-berndfischer.de\/home\/wp-json\/wp\/v2\/users\/2"}],"replies":[{"embeddable":true,"href":"https:\/\/www.baumpflege-berndfischer.de\/home\/wp-json\/wp\/v2\/comments?post=859"}],"version-history":[{"count":8,"href":"https:\/\/www.baumpflege-berndfischer.de\/home\/wp-json\/wp\/v2\/pages\/859\/revisions"}],"predecessor-version":[{"id":1046,"href":"https:\/\/www.baumpflege-berndfischer.de\/home\/wp-json\/wp\/v2\/pages\/859\/revisions\/1046"}],"up":[{"embeddable":true,"href":"https:\/\/www.baumpflege-berndfischer.de\/home\/wp-json\/wp\/v2\/pages\/14"}],"wp:attachment":[{"href":"https:\/\/www.baumpflege-berndfischer.de\/home\/wp-json\/wp\/v2\/media?parent=859"}],"curies":[{"name":"wp","href":"https:\/\/api.w.org\/{rel}","templated":true}]}}

<div data-elementor-type="wp-page" data-elementor-id="859" class="elementor elementor-859">
				<div class="elementor-element elementor-element-cfbe2a4 e-flex e-con-boxed e-con e-parent" data-id="cfbe2a4" data-element_type="container" data-e-type="container">
					<div class="e-con-inner">
		<div class="elementor-element elementor-element-4a3381a e-con-full e-flex e-con e-child" data-id="4a3381a" data-element_type="container" data-e-type="container">
				<div class="elementor-element elementor-element-c4230a1 elementor-widget elementor-widget-image" data-id="c4230a1" data-element_type="widget" data-e-type="widget" data-widget_type="image.default">
				<div class="elementor-widget-container">
															<img fetchpriority="high" decoding="async" width="200" height="300" src="https://www.baumpflege-berndfischer.de/wp-content/uploads/2025/02/Apfelbaum-gepflanzt-1850-200x300.jpg" class="attachment-medium size-medium wp-image-1043" alt="" srcset="https://www.baumpflege-berndfischer.de/wp-content/uploads/2025/02/Apfelbaum-gepflanzt-1850-200x300.jpg 200w, https://www.baumpflege-berndfischer.de/wp-content/uploads/2025/02/Apfelbaum-gepflanzt-1850-684x1024.jpg 684w, https://www.baumpflege-berndfischer.de/wp-content/uploads/2025/02/Apfelbaum-gepflanzt-1850-768x1150.jpg 768w, https://www.baumpflege-berndfischer.de/wp-content/uploads/2025/02/Apfelbaum-gepflanzt-1850-1025x1536.jpg 1025w, https://www.baumpflege-berndfischer.de/wp-content/uploads/2025/02/Apfelbaum-gepflanzt-1850-1367x2048.jpg 1367w, https://www.baumpflege-berndfischer.de/wp-content/uploads/2025/02/Apfelbaum-gepflanzt-1850-scaled.jpg 1709w" sizes="(max-width: 200px) 100vw, 200px" />															</div>
				</div>
				</div>
		<div class="elementor-element elementor-element-4c84f39 e-con-full e-flex e-con e-child" data-id="4c84f39" data-element_type="container" data-e-type="container">
				<div class="elementor-element elementor-element-215e68b elementor-widget elementor-widget-text-editor" data-id="215e68b" data-element_type="widget" data-e-type="widget" data-widget_type="text-editor.default">
				<div class="elementor-widget-container">
									<h3><strong>Obstbaumschnitt: Für gesunde Bäume und eine reiche Ernte</strong></h3><p>Obstbäume neigen ohne regelmäßigen Schnitt dazu, zu dicht zu wachsen, was zu einer geringeren Fruchtqualität und einem erhöhten Risiko für Krankheiten führen kann. Durch den Obstbaumschnitt wird der Baum in Form gebracht, die Krone gelichtet und das Gleichgewicht zwischen Wachstum und Fruchtansatz gefördert. Dies führt zu:</p><ul><li><strong>Besseren Erträgen:</strong> Durch den gezielten Schnitt wird die Fruchtbildung angeregt und die Qualität der Früchte verbessert.</li><li><strong>Gesundheit des Baumes:</strong> Der Obstbaumschnitt fördert die Luftzirkulation und sorgt dafür, dass der Baum ausreichend Sonnenlicht erhält, was das Risiko von Pilzbefall und Krankheiten verringert.</li><li><strong>Langlebigkeit:</strong> Regelmäßige Schnitte stärken den Baum und helfen ihm, über viele Jahre vital zu bleiben und reiche Ernten zu liefern.</li></ul><p>Ein gesunder Obstbaum erfordert regelmäßige Pflege, die sich direkt auf die Qualität der Früchte und die Gesundheit des Baumes auswirkt. Ich biete Ihnen einen professionellen Obstbaumschnitt, der auf die individuellen Bedürfnisse Ihres Baumes abgestimmt ist.</p>								</div>
				</div>
				</div>
					</div>
				</div>
		<div class="elementor-element elementor-element-01d2495 e-flex e-con-boxed e-con e-parent" data-id="01d2495" data-element_type="container" data-e-type="container">
					<div class="e-con-inner">
					</div>
				</div>
				</div>

<p>Obstbaumschnitt: Für gesunde Bäume und eine reiche Ernte Obstbäume neigen ohne regelmäßigen Schnitt dazu, zu dicht zu wachsen, was zu einer geringeren Fruchtqualität und einem erhöhten Risiko für Krankheiten führen kann. Durch den Obstbaumschnitt wird der Baum in Form gebracht, die Krone gelichtet und das Gleichgewicht zwischen Wachstum und Fruchtansatz gefördert. Dies führt zu: Besseren [&hellip;]</p>
